{"id":3402,"date":"2024-08-14T11:06:48","date_gmt":"2024-08-14T14:06:48","guid":{"rendered":"https:\/\/ammk.com.ar\/inicio\/?page_id=3402"},"modified":"2024-08-14T18:06:22","modified_gmt":"2024-08-14T21:06:22","slug":"data-e-investigacion","status":"publish","type":"page","link":"https:\/\/ammk.com.ar\/inicio\/data-e-investigacion\/","title":{"rendered":"Data e investigaci\u00f3n"},"content":{"rendered":"\t\t<div data-elementor-type=\"wp-page\" data-elementor-id=\"3402\" class=\"elementor elementor-3402\">\n\t\t\t\t<div class=\"elementor-element elementor-element-a2ee819 e-flex e-con-boxed e-con e-parent\" data-id=\"a2ee819\" data-element_type=\"container\">\n\t\t\t\t\t<div class=\"e-con-inner\">\n\t\t\t\t<div class=\"elementor-element elementor-element-0a5c29f elementor-widget elementor-widget-heading\" data-id=\"0a5c29f\" data-element_type=\"widget\" data-widget_type=\"heading.default\">\n\t\t\t\t<div class=\"elementor-widget-container\">\n\t\t\t\t\t<h2 class=\"elementor-heading-title elementor-size-default\">Data e Investigaci\u00f3n<\/h2>\t\t\t\t<\/div>\n\t\t\t\t<\/div>\n\t\t\t\t\t<\/div>\n\t\t\t\t<\/div>\n\t\t<div class=\"elementor-element elementor-element-6219671 e-flex e-con-boxed e-con e-parent\" data-id=\"6219671\" data-element_type=\"container\">\n\t\t\t\t\t<div class=\"e-con-inner\">\n\t\t<div class=\"elementor-element elementor-element-32283d9 e-con-full e-flex e-con e-child\" data-id=\"32283d9\" data-element_type=\"container\">\n\t\t\t\t<div class=\"elementor-element elementor-element-bdd768c elementor-widget elementor-widget-heading\" data-id=\"bdd768c\" data-element_type=\"widget\" data-widget_type=\"heading.default\">\n\t\t\t\t<div class=\"elementor-widget-container\">\n\t\t\t\t\t<h2 class=\"elementor-heading-title elementor-size-default\">Visi\u00f3n general<\/h2>\t\t\t\t<\/div>\n\t\t\t\t<\/div>\n\t\t\t\t<div class=\"elementor-element elementor-element-94e5dcc elementor-widget elementor-widget-text-editor\" data-id=\"94e5dcc\" data-element_type=\"widget\" data-widget_type=\"text-editor.default\">\n\t\t\t\t<div class=\"elementor-widget-container\">\n\t\t\t\t\t\t\t\t\t<p><br \/>En el marco de la creaci\u00f3n de una nueva l\u00ednea de beneficios destinada inicialmente a los socios, se crea en Abril de 2023 el equipo de trabajo de AMMK \u201cData &amp; Investigaci\u00f3n\u201d conformado por la Lic. Nadia Statkievicz como l\u00edder de equipo, el Tec. Nicolas Benitez y Yanina Isaurralde.<br \/>El equipo de Data &amp; Investigaci\u00f3n desempe\u00f1a un papel fundamental al beneficiar a la comunidad de marketing en varios niveles, incluyendo socios, empresas, profesionales y la comunidad en general.<br \/>Las actividades del Equipo buscan\u00a0 enriquecer el conocimiento y las habilidades de los profesionales de AMMK, fortalecer la asociaci\u00f3n al proporcionar datos valiosos que respaldan la mejora continua y la consecuci\u00f3n de su visi\u00f3n en el \u00e1mbito del marketing.<\/p>\t\t\t\t\t\t\t\t<\/div>\n\t\t\t\t<\/div>\n\t\t\t\t<\/div>\n\t\t<div class=\"elementor-element elementor-element-5078620 e-con-full e-flex e-con e-child\" data-id=\"5078620\" data-element_type=\"container\">\n\t\t\t\t<div class=\"elementor-element elementor-element-cc0d18c elementor-widget elementor-widget-spacer\" data-id=\"cc0d18c\" data-element_type=\"widget\" data-widget_type=\"spacer.default\">\n\t\t\t\t<div class=\"elementor-widget-container\">\n\t\t\t\t\t\t\t<div class=\"elementor-spacer\">\n\t\t\t<div class=\"elementor-spacer-inner\"><\/div>\n\t\t<\/div>\n\t\t\t\t\t\t<\/div>\n\t\t\t\t<\/div>\n\t\t\t\t<div class=\"elementor-element elementor-element-da90d2b elementor-widget elementor-widget-image\" data-id=\"da90d2b\" data-element_type=\"widget\" data-widget_type=\"image.default\">\n\t\t\t\t<div class=\"elementor-widget-container\">\n\t\t\t\t\t\t\t\t\t\t\t\t\t\t\t<img fetchpriority=\"high\" decoding=\"async\" width=\"1024\" height=\"1024\" src=\"https:\/\/ammk.com.ar\/inicio\/wp-content\/uploads\/2024\/08\/dei-1024x1024.png\" class=\"attachment-large size-large wp-image-3405\" alt=\"\" srcset=\"https:\/\/ammk.com.ar\/inicio\/wp-content\/uploads\/2024\/08\/dei-1024x1024.png 1024w, https:\/\/ammk.com.ar\/inicio\/wp-content\/uploads\/2024\/08\/dei-300x300.png 300w, https:\/\/ammk.com.ar\/inicio\/wp-content\/uploads\/2024\/08\/dei-150x150.png 150w, https:\/\/ammk.com.ar\/inicio\/wp-content\/uploads\/2024\/08\/dei-768x768.png 768w, https:\/\/ammk.com.ar\/inicio\/wp-content\/uploads\/2024\/08\/dei-370x370.png 370w, https:\/\/ammk.com.ar\/inicio\/wp-content\/uploads\/2024\/08\/dei-60x60.png 60w, https:\/\/ammk.com.ar\/inicio\/wp-content\/uploads\/2024\/08\/dei-600x600.png 600w, https:\/\/ammk.com.ar\/inicio\/wp-content\/uploads\/2024\/08\/dei-100x100.png 100w, https:\/\/ammk.com.ar\/inicio\/wp-content\/uploads\/2024\/08\/dei.png 1080w\" sizes=\"(max-width: 1024px) 100vw, 1024px\" \/>\t\t\t\t\t\t\t\t\t\t\t\t\t\t\t<\/div>\n\t\t\t\t<\/div>\n\t\t\t\t<\/div>\n\t\t\t\t\t<\/div>\n\t\t\t\t<\/div>\n\t\t<div class=\"elementor-element elementor-element-2d2af5c e-flex e-con-boxed e-con e-parent\" data-id=\"2d2af5c\" data-element_type=\"container\">\n\t\t\t\t\t<div class=\"e-con-inner\">\n\t\t<div class=\"elementor-element elementor-element-1ded394 e-con-full e-flex e-con e-child\" data-id=\"1ded394\" data-element_type=\"container\">\n\t\t\t\t<div class=\"elementor-element elementor-element-33fbd2a elementor-view-default elementor-widget elementor-widget-icon\" data-id=\"33fbd2a\" data-element_type=\"widget\" data-widget_type=\"icon.default\">\n\t\t\t\t<div class=\"elementor-widget-container\">\n\t\t\t\t\t\t\t<div class=\"elementor-icon-wrapper\">\n\t\t\t<div class=\"elementor-icon\">\n\t\t\t<svg aria-hidden=\"true\" class=\"e-font-icon-svg e-fas-street-view\" viewBox=\"0 0 512 512\" xmlns=\"http:\/\/www.w3.org\/2000\/svg\"><path d=\"M367.9 329.76c-4.62 5.3-9.78 10.1-15.9 13.65v22.94c66.52 9.34 112 28.05 112 49.65 0 30.93-93.12 56-208 56S48 446.93 48 416c0-21.6 45.48-40.3 112-49.65v-22.94c-6.12-3.55-11.28-8.35-15.9-13.65C58.87 345.34 0 378.05 0 416c0 53.02 114.62 96 256 96s256-42.98 256-96c0-37.95-58.87-70.66-144.1-86.24zM256 128c35.35 0 64-28.65 64-64S291.35 0 256 0s-64 28.65-64 64 28.65 64 64 64zm-64 192v96c0 17.67 14.33 32 32 32h64c17.67 0 32-14.33 32-32v-96c17.67 0 32-14.33 32-32v-96c0-26.51-21.49-48-48-48h-11.8c-11.07 5.03-23.26 8-36.2 8s-25.13-2.97-36.2-8H208c-26.51 0-48 21.49-48 48v96c0 17.67 14.33 32 32 32z\"><\/path><\/svg>\t\t\t<\/div>\n\t\t<\/div>\n\t\t\t\t\t\t<\/div>\n\t\t\t\t<\/div>\n\t\t\t\t<div class=\"elementor-element elementor-element-d936c7a elementor-widget elementor-widget-spacer\" data-id=\"d936c7a\" data-element_type=\"widget\" data-widget_type=\"spacer.default\">\n\t\t\t\t<div class=\"elementor-widget-container\">\n\t\t\t\t\t\t\t<div class=\"elementor-spacer\">\n\t\t\t<div class=\"elementor-spacer-inner\"><\/div>\n\t\t<\/div>\n\t\t\t\t\t\t<\/div>\n\t\t\t\t<\/div>\n\t\t\t\t<div class=\"elementor-element elementor-element-f11f0b2 elementor-widget elementor-widget-heading\" data-id=\"f11f0b2\" data-element_type=\"widget\" data-widget_type=\"heading.default\">\n\t\t\t\t<div class=\"elementor-widget-container\">\n\t\t\t\t\t<h4 class=\"elementor-heading-title elementor-size-default\">Relevamiento anual de socios (primer reporte)<\/h4>\t\t\t\t<\/div>\n\t\t\t\t<\/div>\n\t\t\t\t<div class=\"elementor-element elementor-element-464f750 elementor-widget elementor-widget-spacer\" data-id=\"464f750\" data-element_type=\"widget\" data-widget_type=\"spacer.default\">\n\t\t\t\t<div class=\"elementor-widget-container\">\n\t\t\t\t\t\t\t<div class=\"elementor-spacer\">\n\t\t\t<div class=\"elementor-spacer-inner\"><\/div>\n\t\t<\/div>\n\t\t\t\t\t\t<\/div>\n\t\t\t\t<\/div>\n\t\t\t\t<div class=\"elementor-element elementor-element-646623a elementor-align-center elementor-widget elementor-widget-button\" data-id=\"646623a\" data-element_type=\"widget\" data-widget_type=\"button.default\">\n\t\t\t\t<div class=\"elementor-widget-container\">\n\t\t\t\t\t\t\t\t\t<div class=\"elementor-button-wrapper\">\n\t\t\t\t\t<a class=\"elementor-button elementor-button-link elementor-size-sm\" href=\"https:\/\/ammk.com.ar\/inicio\/wp-content\/uploads\/2024\/08\/Infografia-1-ammK-2.pdf\" target=\"_blank\">\n\t\t\t\t\t\t<span class=\"elementor-button-content-wrapper\">\n\t\t\t\t\t\t\t\t\t<span class=\"elementor-button-text\">Descargar<\/span>\n\t\t\t\t\t<\/span>\n\t\t\t\t\t<\/a>\n\t\t\t\t<\/div>\n\t\t\t\t\t\t\t\t<\/div>\n\t\t\t\t<\/div>\n\t\t\t\t<\/div>\n\t\t<div class=\"elementor-element elementor-element-441104e e-con-full e-flex e-con e-child\" data-id=\"441104e\" data-element_type=\"container\">\n\t\t\t\t<div class=\"elementor-element elementor-element-917dbe6 elementor-view-default elementor-widget elementor-widget-icon\" data-id=\"917dbe6\" data-element_type=\"widget\" data-widget_type=\"icon.default\">\n\t\t\t\t<div class=\"elementor-widget-container\">\n\t\t\t\t\t\t\t<div class=\"elementor-icon-wrapper\">\n\t\t\t<div class=\"elementor-icon\">\n\t\t\t<svg aria-hidden=\"true\" class=\"e-font-icon-svg e-fas-users\" viewBox=\"0 0 640 512\" xmlns=\"http:\/\/www.w3.org\/2000\/svg\"><path d=\"M96 224c35.3 0 64-28.7 64-64s-28.7-64-64-64-64 28.7-64 64 28.7 64 64 64zm448 0c35.3 0 64-28.7 64-64s-28.7-64-64-64-64 28.7-64 64 28.7 64 64 64zm32 32h-64c-17.6 0-33.5 7.1-45.1 18.6 40.3 22.1 68.9 62 75.1 109.4h66c17.7 0 32-14.3 32-32v-32c0-35.3-28.7-64-64-64zm-256 0c61.9 0 112-50.1 112-112S381.9 32 320 32 208 82.1 208 144s50.1 112 112 112zm76.8 32h-8.3c-20.8 10-43.9 16-68.5 16s-47.6-6-68.5-16h-8.3C179.6 288 128 339.6 128 403.2V432c0 26.5 21.5 48 48 48h288c26.5 0 48-21.5 48-48v-28.8c0-63.6-51.6-115.2-115.2-115.2zm-223.7-13.4C161.5 263.1 145.6 256 128 256H64c-35.3 0-64 28.7-64 64v32c0 17.7 14.3 32 32 32h65.9c6.3-47.4 34.9-87.3 75.2-109.4z\"><\/path><\/svg>\t\t\t<\/div>\n\t\t<\/div>\n\t\t\t\t\t\t<\/div>\n\t\t\t\t<\/div>\n\t\t\t\t<div class=\"elementor-element elementor-element-f3b0674 elementor-widget elementor-widget-spacer\" data-id=\"f3b0674\" data-element_type=\"widget\" data-widget_type=\"spacer.default\">\n\t\t\t\t<div class=\"elementor-widget-container\">\n\t\t\t\t\t\t\t<div class=\"elementor-spacer\">\n\t\t\t<div class=\"elementor-spacer-inner\"><\/div>\n\t\t<\/div>\n\t\t\t\t\t\t<\/div>\n\t\t\t\t<\/div>\n\t\t\t\t<div class=\"elementor-element elementor-element-22443b6 elementor-widget elementor-widget-heading\" data-id=\"22443b6\" data-element_type=\"widget\" data-widget_type=\"heading.default\">\n\t\t\t\t<div class=\"elementor-widget-container\">\n\t\t\t\t\t<h4 class=\"elementor-heading-title elementor-size-default\">Relevamiento anual de socios (segundo reporte)<\/h4>\t\t\t\t<\/div>\n\t\t\t\t<\/div>\n\t\t\t\t<div class=\"elementor-element elementor-element-08024e5 elementor-widget elementor-widget-spacer\" data-id=\"08024e5\" data-element_type=\"widget\" data-widget_type=\"spacer.default\">\n\t\t\t\t<div class=\"elementor-widget-container\">\n\t\t\t\t\t\t\t<div class=\"elementor-spacer\">\n\t\t\t<div class=\"elementor-spacer-inner\"><\/div>\n\t\t<\/div>\n\t\t\t\t\t\t<\/div>\n\t\t\t\t<\/div>\n\t\t\t\t<div class=\"elementor-element elementor-element-6851286 elementor-align-center elementor-widget elementor-widget-button\" data-id=\"6851286\" data-element_type=\"widget\" data-widget_type=\"button.default\">\n\t\t\t\t<div class=\"elementor-widget-container\">\n\t\t\t\t\t\t\t\t\t<div class=\"elementor-button-wrapper\">\n\t\t\t\t\t<a class=\"elementor-button elementor-button-link elementor-size-sm\" href=\"https:\/\/ammk.com.ar\/inicio\/wp-content\/uploads\/2024\/08\/Infografia-del-informe-2.pdf\" target=\"_blank\">\n\t\t\t\t\t\t<span class=\"elementor-button-content-wrapper\">\n\t\t\t\t\t\t\t\t\t<span class=\"elementor-button-text\">Descargar<\/span>\n\t\t\t\t\t<\/span>\n\t\t\t\t\t<\/a>\n\t\t\t\t<\/div>\n\t\t\t\t\t\t\t\t<\/div>\n\t\t\t\t<\/div>\n\t\t\t\t<\/div>\n\t\t<div class=\"elementor-element elementor-element-8ef829a e-con-full e-flex e-con e-child\" data-id=\"8ef829a\" data-element_type=\"container\">\n\t\t\t\t<div class=\"elementor-element elementor-element-99e8035 elementor-view-default elementor-widget elementor-widget-icon\" data-id=\"99e8035\" data-element_type=\"widget\" data-widget_type=\"icon.default\">\n\t\t\t\t<div class=\"elementor-widget-container\">\n\t\t\t\t\t\t\t<div class=\"elementor-icon-wrapper\">\n\t\t\t<div class=\"elementor-icon\">\n\t\t\t<svg aria-hidden=\"true\" class=\"e-font-icon-svg e-fas-star\" viewBox=\"0 0 576 512\" xmlns=\"http:\/\/www.w3.org\/2000\/svg\"><path d=\"M259.3 17.8L194 150.2 47.9 171.5c-26.2 3.8-36.7 36.1-17.7 54.6l105.7 103-25 145.5c-4.5 26.3 23.2 46 46.4 33.7L288 439.6l130.7 68.7c23.2 12.2 50.9-7.4 46.4-33.7l-25-145.5 105.7-103c19-18.5 8.5-50.8-17.7-54.6L382 150.2 316.7 17.8c-11.7-23.6-45.6-23.9-57.4 0z\"><\/path><\/svg>\t\t\t<\/div>\n\t\t<\/div>\n\t\t\t\t\t\t<\/div>\n\t\t\t\t<\/div>\n\t\t\t\t<div class=\"elementor-element elementor-element-32fdcf3 elementor-widget elementor-widget-spacer\" data-id=\"32fdcf3\" data-element_type=\"widget\" data-widget_type=\"spacer.default\">\n\t\t\t\t<div class=\"elementor-widget-container\">\n\t\t\t\t\t\t\t<div class=\"elementor-spacer\">\n\t\t\t<div class=\"elementor-spacer-inner\"><\/div>\n\t\t<\/div>\n\t\t\t\t\t\t<\/div>\n\t\t\t\t<\/div>\n\t\t\t\t<div class=\"elementor-element elementor-element-7e00bd0 elementor-widget elementor-widget-heading\" data-id=\"7e00bd0\" data-element_type=\"widget\" data-widget_type=\"heading.default\">\n\t\t\t\t<div class=\"elementor-widget-container\">\n\t\t\t\t\t<h4 class=\"elementor-heading-title elementor-size-default\">Expectativas y proyecciones de crecimiento profesional de los miembros de AMMK<\/h4>\t\t\t\t<\/div>\n\t\t\t\t<\/div>\n\t\t\t\t<div class=\"elementor-element elementor-element-53826d7 elementor-widget elementor-widget-spacer\" data-id=\"53826d7\" data-element_type=\"widget\" data-widget_type=\"spacer.default\">\n\t\t\t\t<div class=\"elementor-widget-container\">\n\t\t\t\t\t\t\t<div class=\"elementor-spacer\">\n\t\t\t<div class=\"elementor-spacer-inner\"><\/div>\n\t\t<\/div>\n\t\t\t\t\t\t<\/div>\n\t\t\t\t<\/div>\n\t\t\t\t<div class=\"elementor-element elementor-element-595a96c elementor-align-center elementor-widget elementor-widget-button\" data-id=\"595a96c\" data-element_type=\"widget\" data-widget_type=\"button.default\">\n\t\t\t\t<div class=\"elementor-widget-container\">\n\t\t\t\t\t\t\t\t\t<div class=\"elementor-button-wrapper\">\n\t\t\t\t\t<a class=\"elementor-button elementor-button-link elementor-size-sm\" href=\"https:\/\/ammk.com.ar\/inicio\/wp-content\/uploads\/2024\/08\/Expectativas-y-proyecciones-Socios-AMMK-2023.pdf\" target=\"_blank\">\n\t\t\t\t\t\t<span class=\"elementor-button-content-wrapper\">\n\t\t\t\t\t\t\t\t\t<span class=\"elementor-button-text\">Descargar<\/span>\n\t\t\t\t\t<\/span>\n\t\t\t\t\t<\/a>\n\t\t\t\t<\/div>\n\t\t\t\t\t\t\t\t<\/div>\n\t\t\t\t<\/div>\n\t\t\t\t<\/div>\n\t\t<div class=\"elementor-element elementor-element-3960a1e e-con-full e-flex e-con e-child\" data-id=\"3960a1e\" data-element_type=\"container\">\n\t\t\t\t<div class=\"elementor-element elementor-element-209b230 elementor-widget elementor-widget-shortcode\" data-id=\"209b230\" data-element_type=\"widget\" data-widget_type=\"shortcode.default\">\n\t\t\t\t<div class=\"elementor-widget-container\">\n\t\t\t\t\t\t\t<div class=\"elementor-shortcode\">            <div class=\"embedpress-document-embed ose-document ep-doc-d7fcf3f3b136871a304a78937b86779c\" style=\"width: 600px; height: 550px;; max-width:100%; display: block\">\n                                            <iframe title=\"Infograf\u00eda 1 ammK (2)\" allowfullscreen=\"true\" mozallowfullscreen=\"true\" webkitallowfullscreen=\"true\" style=\"width: 600px; height: 550px;; max-width:100%; display: inline-block\" data-emsrc=\"https:\/\/ammk.com.ar\/inicio\/wp-content\/uploads\/2024\/08\/Infografia-1-ammK-2.pdf\" data-emid=\"embedpress-pdf-shortcode\" class=\"embedpress-embed-document-pdf embedpress-pdf-shortcode\" src=\"https:\/\/ammk.com.ar\/inicio\/wp-admin\/admin-ajax.php?action=get_viewer&#038;file=https%3A%2F%2Fammk.com.ar%2Finicio%2Fwp-content%2Fuploads%2F2024%2F08%2FInfografia-1-ammK-2.pdf#key=dGhlbWVNb2RlPWRlZmF1bHQmdG9vbGJhcj10cnVlJmxhenlMb2FkPWZhbHNlJnBvc2l0aW9uPXRvcCZwcmVzZW50YXRpb249dHJ1ZSZkb3dubG9hZD10cnVlJmNvcHlfdGV4dD10cnVlJmFkZF90ZXh0PXRydWUmZHJhdz10cnVlJmRvY19yb3RhdGlvbj10cnVlJmFkZF9pbWFnZT10cnVlJmRvY19kZXRhaWxzPXRydWUmc2VsZWN0aW9uX3Rvb2w9MCZzY3JvbGxpbmc9LTEmc3ByZWFkcz0tMSZ6b29tX2luPXRydWUmem9vbV9vdXQ9dHJ1ZSZmaXRfdmlldz10cnVlJmJvb2ttYXJrPXRydWUmZmxpcGJvb2tfdG9vbGJhcl9wb3NpdGlvbj1ib3R0b20=\" frameborder=\"0\">\n                            <\/iframe>\n                                    <\/div>\n\n    <\/div>\n\t\t\t\t\t\t<\/div>\n\t\t\t\t<\/div>\n\t\t\t\t<\/div>\n\t\t<div class=\"elementor-element elementor-element-8142b46 e-con-full e-flex e-con e-child\" data-id=\"8142b46\" data-element_type=\"container\">\n\t\t\t\t<div class=\"elementor-element elementor-element-f5b11d7 elementor-widget elementor-widget-shortcode\" data-id=\"f5b11d7\" data-element_type=\"widget\" data-widget_type=\"shortcode.default\">\n\t\t\t\t<div class=\"elementor-widget-container\">\n\t\t\t\t\t\t\t<div class=\"elementor-shortcode\">            <div class=\"embedpress-document-embed ose-document ep-doc-d7fcf3f3b136871a304a78937b86779c\" style=\"width: 600px; height: 550px;; max-width:100%; display: block\">\n                                            <iframe title=\"Infograf\u00eda del informe 2\" allowfullscreen=\"true\" mozallowfullscreen=\"true\" webkitallowfullscreen=\"true\" style=\"width: 600px; height: 550px;; max-width:100%; display: inline-block\" data-emsrc=\"https:\/\/ammk.com.ar\/inicio\/wp-content\/uploads\/2024\/08\/Infografia-del-informe-2.pdf\" data-emid=\"embedpress-pdf-shortcode\" class=\"embedpress-embed-document-pdf embedpress-pdf-shortcode\" src=\"https:\/\/ammk.com.ar\/inicio\/wp-admin\/admin-ajax.php?action=get_viewer&#038;file=https%3A%2F%2Fammk.com.ar%2Finicio%2Fwp-content%2Fuploads%2F2024%2F08%2FInfografia-del-informe-2.pdf#key=dGhlbWVNb2RlPWRlZmF1bHQmdG9vbGJhcj10cnVlJmxhenlMb2FkPWZhbHNlJnBvc2l0aW9uPXRvcCZwcmVzZW50YXRpb249dHJ1ZSZkb3dubG9hZD10cnVlJmNvcHlfdGV4dD10cnVlJmFkZF90ZXh0PXRydWUmZHJhdz10cnVlJmRvY19yb3RhdGlvbj10cnVlJmFkZF9pbWFnZT10cnVlJmRvY19kZXRhaWxzPXRydWUmc2VsZWN0aW9uX3Rvb2w9MCZzY3JvbGxpbmc9LTEmc3ByZWFkcz0tMSZ6b29tX2luPXRydWUmem9vbV9vdXQ9dHJ1ZSZmaXRfdmlldz10cnVlJmJvb2ttYXJrPXRydWUmZmxpcGJvb2tfdG9vbGJhcl9wb3NpdGlvbj1ib3R0b20=\" frameborder=\"0\">\n                            <\/iframe>\n                                    <\/div>\n\n    <\/div>\n\t\t\t\t\t\t<\/div>\n\t\t\t\t<\/div>\n\t\t\t\t<\/div>\n\t\t<div class=\"elementor-element elementor-element-51e47fd e-con-full e-flex e-con e-child\" data-id=\"51e47fd\" data-element_type=\"container\">\n\t\t\t\t<div class=\"elementor-element elementor-element-eb82af4 elementor-widget elementor-widget-shortcode\" data-id=\"eb82af4\" data-element_type=\"widget\" data-widget_type=\"shortcode.default\">\n\t\t\t\t<div class=\"elementor-widget-container\">\n\t\t\t\t\t\t\t<div class=\"elementor-shortcode\">            <div class=\"embedpress-document-embed ose-document ep-doc-d7fcf3f3b136871a304a78937b86779c\" style=\"width: 600px; height: 550px;; max-width:100%; display: block\">\n                                            <iframe title=\"Expectativas y proyecciones Socios AMMK 2023\" allowfullscreen=\"true\" mozallowfullscreen=\"true\" webkitallowfullscreen=\"true\" style=\"width: 600px; height: 550px;; max-width:100%; display: inline-block\" data-emsrc=\"https:\/\/ammk.com.ar\/inicio\/wp-content\/uploads\/2024\/08\/Expectativas-y-proyecciones-Socios-AMMK-2023.pdf\" data-emid=\"embedpress-pdf-shortcode\" class=\"embedpress-embed-document-pdf embedpress-pdf-shortcode\" src=\"https:\/\/ammk.com.ar\/inicio\/wp-admin\/admin-ajax.php?action=get_viewer&#038;file=https%3A%2F%2Fammk.com.ar%2Finicio%2Fwp-content%2Fuploads%2F2024%2F08%2FExpectativas-y-proyecciones-Socios-AMMK-2023.pdf#key=dGhlbWVNb2RlPWRlZmF1bHQmdG9vbGJhcj10cnVlJmxhenlMb2FkPWZhbHNlJnBvc2l0aW9uPXRvcCZwcmVzZW50YXRpb249dHJ1ZSZkb3dubG9hZD10cnVlJmNvcHlfdGV4dD10cnVlJmFkZF90ZXh0PXRydWUmZHJhdz10cnVlJmRvY19yb3RhdGlvbj10cnVlJmFkZF9pbWFnZT10cnVlJmRvY19kZXRhaWxzPXRydWUmc2VsZWN0aW9uX3Rvb2w9MCZzY3JvbGxpbmc9LTEmc3ByZWFkcz0tMSZ6b29tX2luPXRydWUmem9vbV9vdXQ9dHJ1ZSZmaXRfdmlldz10cnVlJmJvb2ttYXJrPXRydWUmZmxpcGJvb2tfdG9vbGJhcl9wb3NpdGlvbj1ib3R0b20=\" frameborder=\"0\">\n                            <\/iframe>\n                                    <\/div>\n\n    <\/div>\n\t\t\t\t\t\t<\/div>\n\t\t\t\t<\/div>\n\t\t\t\t<\/div>\n\t\t\t\t\t<\/div>\n\t\t\t\t<\/div>\n\t\t<div class=\"elementor-element elementor-element-58dfc96 e-flex e-con-boxed e-con e-parent\" data-id=\"58dfc96\" data-element_type=\"container\">\n\t\t\t\t\t<div class=\"e-con-inner\">\n\t\t\t\t<div class=\"elementor-element elementor-element-67b64d1 elementor-widget-divider--view-line elementor-widget elementor-widget-divider\" data-id=\"67b64d1\" data-element_type=\"widget\" data-widget_type=\"divider.default\">\n\t\t\t\t<div class=\"elementor-widget-container\">\n\t\t\t\t\t\t\t<div class=\"elementor-divider\">\n\t\t\t<span class=\"elementor-divider-separator\">\n\t\t\t\t\t\t<\/span>\n\t\t<\/div>\n\t\t\t\t\t\t<\/div>\n\t\t\t\t<\/div>\n\t\t\t\t\t<\/div>\n\t\t\t\t<\/div>\n\t\t<div class=\"elementor-element elementor-element-e2619c2 e-flex e-con-boxed e-con e-parent\" data-id=\"e2619c2\" data-element_type=\"container\">\n\t\t\t\t\t<div class=\"e-con-inner\">\n\t\t<div class=\"elementor-element elementor-element-0e3580f e-con-full e-flex e-con e-child\" data-id=\"0e3580f\" data-element_type=\"container\">\n\t\t\t\t<div class=\"elementor-element elementor-element-d7b9917 elementor-widget elementor-widget-heading\" data-id=\"d7b9917\" data-element_type=\"widget\" data-widget_type=\"heading.default\">\n\t\t\t\t<div class=\"elementor-widget-container\">\n\t\t\t\t\t<h3 class=\"elementor-heading-title elementor-size-default\">Objetivos<\/h3>\t\t\t\t<\/div>\n\t\t\t\t<\/div>\n\t\t\t\t<div class=\"elementor-element elementor-element-bc45b41 elementor-widget elementor-widget-spacer\" data-id=\"bc45b41\" data-element_type=\"widget\" data-widget_type=\"spacer.default\">\n\t\t\t\t<div class=\"elementor-widget-container\">\n\t\t\t\t\t\t\t<div class=\"elementor-spacer\">\n\t\t\t<div class=\"elementor-spacer-inner\"><\/div>\n\t\t<\/div>\n\t\t\t\t\t\t<\/div>\n\t\t\t\t<\/div>\n\t\t\t\t<div class=\"elementor-element elementor-element-4bab872 elementor-widget elementor-widget-text-editor\" data-id=\"4bab872\" data-element_type=\"widget\" data-widget_type=\"text-editor.default\">\n\t\t\t\t<div class=\"elementor-widget-container\">\n\t\t\t\t\t\t\t\t\t<ol><li><strong>Generar Conocimiento Estrat\u00e9gico:<\/strong> La investigaci\u00f3n profunda y an\u00e1lisis de datos proporcionan conocimientos estrat\u00e9gicos que se comparten con los socios y empresas, brind\u00e1ndoles una ventaja competitiva al tomar decisiones informadas.<\/li><li><strong>Desarrollo Profesional Continuo:<\/strong> Las actividades de investigaci\u00f3n ofrecen oportunidades para el desarrollo profesional continuo de los miembros de la asociaci\u00f3n. Webinars, seminarios y eventos relacionados con investigaciones actuales mantienen a los profesionales del marketing actualizados con las \u00faltimas tendencias y metodolog\u00edas.<\/li><li><strong>Adaptaci\u00f3n Estrat\u00e9gica:<\/strong> La recopilaci\u00f3n de datos permite a la asociaci\u00f3n adaptar estrat\u00e9gicamente sus iniciativas en funci\u00f3n de las necesidades cambiantes de la comunidad de marketing. Esto respalda la visi\u00f3n de ser referentes y prestigiar la disciplina en todos los contextos.<\/li><li><strong>Evaluaci\u00f3n del Crecimiento: <\/strong>Analizar datos cuantitativos sobre el crecimiento de la participaci\u00f3n en eventos, la adhesi\u00f3n de nuevos miembros y la expansi\u00f3n de la presencia en l\u00ednea proporciona informaci\u00f3n clave sobre el \u00e9xito y la efectividad de las iniciativas.<\/li><li><strong>Acceso a Recursos Exclusivos:<\/strong> La comisi\u00f3n trabaja en la recopilaci\u00f3n y presentaci\u00f3n de recursos exclusivos, como informes de investigaci\u00f3n, estudios de caso y herramientas espec\u00edficas de marketing. Estos recursos brindan a los miembros de la asociaci\u00f3n acceso a informaci\u00f3n valiosa que de otra manera ser\u00eda dif\u00edcil de obtener.<\/li><li><strong>Fomento de la Colaboraci\u00f3n:<\/strong> Las investigaciones pueden identificar oportunidades para la colaboraci\u00f3n entre empresas y profesionales del marketing. Al facilitar la conexi\u00f3n entre los miembros, se promueve la colaboraci\u00f3n y el intercambio de experiencias<\/li><\/ol>\t\t\t\t\t\t\t\t<\/div>\n\t\t\t\t<\/div>\n\t\t\t\t<\/div>\n\t\t<div class=\"elementor-element elementor-element-41cf6b5 e-con-full e-flex e-con e-child\" data-id=\"41cf6b5\" data-element_type=\"container\">\n\t\t\t\t<div class=\"elementor-element elementor-element-3db2ad0 elementor-widget elementor-widget-image\" data-id=\"3db2ad0\" data-element_type=\"widget\" data-widget_type=\"image.default\">\n\t\t\t\t<div class=\"elementor-widget-container\">\n\t\t\t\t\t\t\t\t\t\t\t\t\t\t\t<img decoding=\"async\" width=\"410\" height=\"1024\" src=\"https:\/\/ammk.com.ar\/inicio\/wp-content\/uploads\/2024\/08\/Equipo-1-410x1024.png\" class=\"attachment-large size-large wp-image-3437\" alt=\"\" srcset=\"https:\/\/ammk.com.ar\/inicio\/wp-content\/uploads\/2024\/08\/Equipo-1-410x1024.png 410w, https:\/\/ammk.com.ar\/inicio\/wp-content\/uploads\/2024\/08\/Equipo-1-120x300.png 120w, https:\/\/ammk.com.ar\/inicio\/wp-content\/uploads\/2024\/08\/Equipo-1-768x1920.png 768w, https:\/\/ammk.com.ar\/inicio\/wp-content\/uploads\/2024\/08\/Equipo-1-600x1500.png 600w, https:\/\/ammk.com.ar\/inicio\/wp-content\/uploads\/2024\/08\/Equipo-1.png 800w\" sizes=\"(max-width: 410px) 100vw, 410px\" \/>\t\t\t\t\t\t\t\t\t\t\t\t\t\t\t<\/div>\n\t\t\t\t<\/div>\n\t\t\t\t<\/div>\n\t\t\t\t\t<\/div>\n\t\t\t\t<\/div>\n\t\t\t\t<\/div>\n\t\t\n    <div class=\"xs_social_share_widget xs_share_url after_content \t\tmain_content  wslu-style-1 wslu-share-box-shaped wslu-fill-colored wslu-none wslu-share-horizontal wslu-theme-font-no wslu-main_content\">\n\n\t\t\n        <ul>\n\t\t\t        <\/ul>\n    <\/div> \n","protected":false},"excerpt":{"rendered":"<p>Data e Investigaci\u00f3n Visi\u00f3n general En el marco de la creaci\u00f3n de una nueva l\u00ednea de beneficios destinada inicialmente a los socios, se crea en Abril de 2023 el equipo de trabajo de AMMK \u201cData &amp; Investigaci\u00f3n\u201d conformado por la Lic. Nadia Statkievicz como l\u00edder de equipo, el Tec. Nicolas<\/p>\n","protected":false},"author":1,"featured_media":0,"parent":0,"menu_order":0,"comment_status":"closed","ping_status":"closed","template":"","meta":{"inline_featured_image":false,"footnotes":""},"class_list":["post-3402","page","type-page","status-publish","hentry"],"_links":{"self":[{"href":"https:\/\/ammk.com.ar\/inicio\/wp-json\/wp\/v2\/pages\/3402","targetHints":{"allow":["GET"]}}],"collection":[{"href":"https:\/\/ammk.com.ar\/inicio\/wp-json\/wp\/v2\/pages"}],"about":[{"href":"https:\/\/ammk.com.ar\/inicio\/wp-json\/wp\/v2\/types\/page"}],"author":[{"embeddable":true,"href":"https:\/\/ammk.com.ar\/inicio\/wp-json\/wp\/v2\/users\/1"}],"replies":[{"embeddable":true,"href":"https:\/\/ammk.com.ar\/inicio\/wp-json\/wp\/v2\/comments?post=3402"}],"version-history":[{"count":28,"href":"https:\/\/ammk.com.ar\/inicio\/wp-json\/wp\/v2\/pages\/3402\/revisions"}],"predecessor-version":[{"id":3440,"href":"https:\/\/ammk.com.ar\/inicio\/wp-json\/wp\/v2\/pages\/3402\/revisions\/3440"}],"wp:attachment":[{"href":"https:\/\/ammk.com.ar\/inicio\/wp-json\/wp\/v2\/media?parent=3402"}],"curies":[{"name":"wp","href":"https:\/\/api.w.org\/{rel}","templated":true}]}}